what is 2 + 225?
227
In base 7, what is -50634 - -3?
-50631
In base 14, what is -b - 7?
-14
In base 11, what is -9a - -3?
-97
In base 2, what is 1111011 - 1110011?
1000
In base 2, what is -110011 + 11?
-110000
In base 14, what is -2 + 8c?
8a
In base 3, what is -12221110 - 11?
-12221121
In base 3, what is -1110 + -112?
-1222
In base 8, what is -5253 - 0?
-5253
In base 9, what is 22 - 50?
-27
In base 11, what is 3 + 413?
416
In base 8, what is 402 - -3?
405
In base 13, what is 18 + -63?
-48
In base 7, what is -145 + -15?
-163
In base 6, what is 130 + -4?
122
In base 7, what is 11 + 61?
102
In base 13, what is 3340 - -4?
3344
In base 3, what is -121211 - -2?
-121202
In base 15, what is 202 - a?
1e7
In base 9, what is -2 + 630?
627
In base 6, what is -1153124 + -3?
-1153131
In base 9, what is 3 + 5144?
5147
In base 12, what is 4 - -8b?
93
In base 2, what is -100100001 - 10110?
-100110111
In base 12, what is 5 + -122?
-119
In base 8, what is -121 + 0?
-121
In base 7, what is 610 + 3?
613
In base 9, what is -5 - 7321?
-7326
In base 6, what is -1 - 41411?
-41412
In base 9, what is -17 + 12?
-5
In base 5, what is 3233 - -4?
3242
In base 10, what is -286 - 17?
-303
In base 9, what is 1 + 2210?
2211
In base 2, what is -11 + -111101?
-1000000
In base 15, what is 52c6 - -2?
52c8
In base 7, what is -13 + 1155?
1142
In base 6, what is 1 - 1130?
-1125
In base 10, what is 2 - 260?
-258
In base 14, what is acd2 - -2?
acd4
In base 9, what is -15 - -7?
-7
In base 13, what is 10 - -9?
19
In base 12, what is -9 + 14?
7
In base 13, what is 1b - 4?
17
In base 15, what is 9 - d?
-4
In base 10, what is 1 - -36?
37
In base 6, what is 4514 + -5?
4505
In base 11, what is 9 - -434?
442
In base 5, what is 0 + 2224?
2224
In base 13, what is -1 - 18a6?
-18a7
In base 2, what is 10100000000 - 0?
10100000000
In base 13, what is -170 + -1?
-171
In base 13, what is -275 + 14?
-261
In base 5, what is -2 + -12302?
-12304
In base 9, what is 5 + 155?
161
In base 2, what is 1101110 + -11?
1101011
In base 7, what is -655 - 14?
-1002
In base 4, what is 13 + 12221?
12300
In base 2, what is 1001 - -1010?
10011
In base 16, what is 53 - 0?
53
In base 15, what is 1a9 + 3?
1ac
In base 5, what is 134 + 3?
142
In base 8, what is 2 - 1400?
-1376
In base 3, what is 1120 + -10?
1110
In base 7, what is 136 + -50?
56
In base 7, what is -3 - -424?
421
In base 16, what is 3 - -61?
64
In base 15, what is -2541 - 2?
-2543
In base 16, what is 1 + -49?
-48
In base 15, what is -10a + -2?
-10c
In base 13, what is 327 + 4?
32b
In base 15, what is 40 + 13?
53
In base 16, what is -23 - 1?
-24
In base 12, what is -271 + -3?
-274
In base 10, what is 1 + -185?
-184
In base 2, what is 111000 - 1?
110111
In base 3, what is 10 - -12211?
12221
In base 12, what is 4 + 10a?
112
In base 11, what is 66 - -16?
81
In base 7, what is 1 - 346?
-345
In base 9, what is -2 + 314?
312
In base 8, what is 4 - 41?
-35
In base 15, what is 4 - 73?
-6e
In base 2, what is -10000111 - 1101?
-10010100
In base 6, what is 50 - 2?
44
In base 14, what is -2d + 4?
-29
In base 16, what is 3 + -18?
-15
In base 14, what is 19 - 38?
-1d
In base 11, what is 1a4 - -2?
1a6
In base 15, what is 9 - b6?
-ac
In base 3, what is 20 + 20?
110
In base 2, what is 100010001111000 - 1?
100010001110111
In base 2, what is 111010110 - 0?
111010110
In base 13, what is 25 + -2?
23
In base 8, what is 131 + 3?
134
In base 15, what is 2c3 + 2?
2c5
In base 12, what is 956 + -6?
950
In base 2, what is -1101011 + 1100?
-1011111
In base 6, what is 2 + 10530?
10532
In base 11, what is 3 - -227?
22a
In base 8, what is -32 + 146?
114
In base 4, what is 3 + 1231?
1300
In base 15, what is 1b47 + 1?
1b48
In base 10, what is 4 - -30?
34
In base 5, what is -1 - -4230?
4224
In base 6, what is 3 - -402?
405
In base 7, what is -4 - -30?
23
In base 4, what is 10 + 202?
212
In base 6, what is 111 + 321?
432
In base 7, what is 552 + 232?
1114
In base 6, what is 14 + -13?
1
In base 7, what is 3 - -413?
416
In base 12, what is -2 + 2b05?
2b03
In base 14, what is -5 - -86a?
865
In base 11, what is -2 + 177?
175
In base 15, what is 1 - b7?
-b6
In base 13, what is 368 - 2?
366
In base 3, what is 21022 + -1101?
12221
In base 11, what is 16 + -73?
-58
In base 6, what is 153 - -3?
200
In base 5, what is 2 + -113432?
-113430
In base 8, what is 4 + 102?
106
In base 6, what is 1510 + 11?
1521
In base 10, what is 202 + 1?
203
In base 10, what is -2 - -18?
16
In base 3, what is -100200 + 2200?
-21000
In base 6, what is 3 + -50?
-43
In base 5, what is 10 + -134?
-124
In base 3, what is -1 + -20012?
-20020
In base 5, what is 1 - 124434?
-124433
In base 7, what is -5 + 363?
355
In base 4, what is 11103 - -11?
11120
In base 14, what is -a + -25?
-31
In base 15, what is 39d + -5?
398
In base 8, what is 3 - -70?
73
In base 13, what is 11 + 11?
22
In base 5, what is 1402 - 3?
1344
In base 7, what is 1340 + 1?
1341
In base 14, what is -5 + -706?
-70b
In base 9, what is -11 + 2212?
2201
In base 10, what is -75 - -2?
-73
In base 6, what is 4 + -114?
-110
In base 6, what is 3 - 42413?
-42410
In base 4, what is -11 + 1231?
1220
In base 12, what is 4 - -286a?
2872
In base 2, what is -1001 - 1000101011?
-1000110100
In base 12, what is 671 - 0?
671
In base 16, what is 16 - -c?
22
In base 2, what is -10001101 - 110010?
-10111111
In base 5, what is 23210 + 4?
23214
In base 16, what is 2 + -123?
-121
In base 11, what is -3 - -3a?
37
In base 7, what is -145 - 1?
-146
In base 2, what is -1010000 + -11001?
-1101001
In base 15, what is 27 - -5?
2c
In base 7, what is 5 + 3065?
3103
In base 4, what is 331 - 13?
312
In base 12, what is a + 1?
b
In base 12, what is -a745 + 4?
-a741
In base 12, what is 103 + 1?
104
In base 4, what is 1 - 22110?
-22103
In base 4, what is -11 - 331?
-1002
In base 13, what is 3 - c50?
-c4a
In base 14, what is 0 - -7?
7
In base 12, what is -2 + 8b0?
8aa
In base 6, what is -3 + 205?
202
In base 14, what is 13bd - -1?
13c0
In base 4, what is 1032020 - -1?
1032021
In base 4, what is -21 - -121023?
121002
In base 13, what is -1c + -34?
-53
In base 4, what is -12132 - 0?
-12132
In base 9, what is 0 + 61?
61
In base 15, what is -1 + 225?
224
In base 4, what is -1000 + 10?
-330
In base 14, what is 23 - 16?
b
In base 6, what is 1 + -14?
-13
In base 4, what is 300 + 21?
321
In base 4, what is 1 - 10132?
-10131
In base 2, what is -1100 - -100100001?
100010101
In base 9, what is 13 - -1568?
1582
In base 16, what is -4 - 27?
-2b
In base 16, what is -16b - 4?
-16f
In base 5, what is 40 + -11?
24
In base 12, what is -188 + -5?
-191
In base 6, what is -4120 + 0?
-4120
In base 8, what is 7 + -225?
-216
In base 10, what is -154 - -1?
-153
In base 16, what is 0 - -5c?
5c
In base 10, what is 9 + 2?
11
In base 10, what is 394 - -3?
397
In base 10, what is -1 + -38?
-39
In base 10, what is -18 + 3?
-15
In base 2, what is 111 - -110001?
111000
In base 16, what is 34 + 7?
3b
In base 11, what is -609 - 0?
-609
In base 9, what is -668 - 1?
-670
In base 9, what is 14 - -2185?
2210
In base 16, what is d - 1b?
-e
In base 3, what is -12210012 + 11?
-12210001
In base 6, what is 32343 + 10?
32353
In base 4, what is 3102 - -3?
3111
In base 13, what is -a - -2?
-8
In base 8, what is -64 + 43?
-21
In base 2, what is 1101101001111 - 0?
1101101001111
In base 12, what is 1197 + 0?
1197
In base 5, what is 2 - -1002?
1004
In base 7, what is -1 - 103?
-104
In base 4, what is 1 + -311?
-310
In base 10, what is -5 + 718?
713
In base 7, what is 0 - 1645?
-1645
In base 14, what is d + 8c1?
8d0
In base 9, what is -107 + 2?
-105
In base 12, what is -4 - 26?
-2a
In base 8, what is -360 - 74?
-454
In base 13, what is c + 20?
2c
In base 12, what is 3 - -48?
4b
In base 2, what is 1 - -110110110?
110110111
In base 5, what is -10143 + 3?
-10140
In base 13, what is b60 + 1?
b61
In base 6, what is 4 + -15311?
-15303
In base 13, what is 239 + 4?
240
In base 16, what is d3 - 0?
d3
In base 13, what is -5 - 32c?
-334
In base 11, what is -7 - -106?
aa
In base 10, what is -2 - -64?
62
In base 3, what is -10010 + -21?
-10101
In base 9, what is 2321 - -5?
2326
In base 16, what is -cb - c?
-d7
In base 9, what is 172 - -112?
284
In base 4, what is 2 - -231?
233
In base 9, what is 316 + 2?
318
In base 3, what is -12 - -21110?
21021
In base 11, what is -3